{"id":12516,"date":"2024-06-19T04:08:23","date_gmt":"2024-06-19T04:08:23","guid":{"rendered":"https:\/\/www.bufetesalazarcr.com\/?page_id=12516"},"modified":"2024-06-19T04:14:43","modified_gmt":"2024-06-19T04:14:43","slug":"derecho-laboral","status":"publish","type":"page","link":"https:\/\/www.bufetesalazarcr.com\/?page_id=12516","title":{"rendered":"DERECHO LABORAL"},"content":{"rendered":"\t\t<div data-elementor-type=\"wp-page\" data-elementor-id=\"12516\" class=\"elementor elementor-12516\">\n\t\t\t\t<div class=\"elementor-element elementor-element-7d9b907f e-flex e-con-boxed e-con e-parent\" data-id=\"7d9b907f\" data-element_type=\"container\">\n\t\t\t\t\t<div class=\"e-con-inner\">\n\t\t\t\t<div class=\"elementor-element elementor-element-6a29e953 elementor-widget elementor-widget-text-editor\" data-id=\"6a29e953\" data-element_type=\"widget\" data-settings=\"{&quot;ashton_ext_link_sidemenu&quot;:&quot;false&quot;,&quot;ashton_ext_link_fullmenu&quot;:&quot;false&quot;,&quot;ashton_ext_is_sticky&quot;:&quot;false&quot;,&quot;ashton_ext_is_scrollme&quot;:&quot;false&quot;,&quot;ashton_ext_is_smoove&quot;:&quot;false&quot;,&quot;ashton_ext_is_parallax_mouse&quot;:&quot;false&quot;,&quot;ashton_ext_is_infinite&quot;:&quot;false&quot;,&quot;ashton_ext_is_fadeout_animation&quot;:&quot;false&quot;}\" data-widget_type=\"text-editor.default\">\n\t\t\t\t<div class=\"elementor-widget-container\">\n\t\t\t<style>\/*! elementor - v3.23.0 - 25-07-2024 *\/\n.elementor-widget-text-editor.elementor-drop-cap-view-stacked .elementor-drop-cap{background-color:#69727d;color:#fff}.elementor-widget-text-editor.elementor-drop-cap-view-framed .elementor-drop-cap{color:#69727d;border:3px solid;background-color:transparent}.elementor-widget-text-editor:not(.elementor-drop-cap-view-default) .elementor-drop-cap{margin-top:8px}.elementor-widget-text-editor:not(.elementor-drop-cap-view-default) .elementor-drop-cap-letter{width:1em;height:1em}.elementor-widget-text-editor .elementor-drop-cap{float:left;text-align:center;line-height:1;font-size:50px}.elementor-widget-text-editor .elementor-drop-cap-letter{display:inline-block}<\/style>\t\t\t\t<!-- wp:paragraph -->\n<p>En\u00a0<strong>Bufete Salazar y Compa\u00f1\u00eda<\/strong>\u00a0le ayudamos a encontrar una soluci\u00f3n de manera dialogada y conciliadora a los numerosos conflictos derivados de la relaci\u00f3n entre la empresa y el trabajador.<\/p>\n<!-- \/wp:paragraph --><!-- wp:paragraph -->\n<p>La constante puesta al d\u00eda en un materia legal tan compleja y con tantas modificaciones, hacen imprescindible la intervenci\u00f3n de un abogado conocedor de la materia laboral.<\/p>\n<!-- \/wp:paragraph --><!-- wp:paragraph -->\n<p>Nuestro despacho le asesorar\u00e1 y guiar\u00e1 desde la Conciliaci\u00f3n ante el Organismo pertinente, hasta la resoluci\u00f3n del mismo ante los Tribunales, si fuese necesario.<\/p>\n<!-- \/wp:paragraph --><!-- wp:paragraph -->\n<p><strong>Bufete Salazar y Compa\u00f1\u00eda<\/strong>\u00a0asesora tanto a las empresas como a los trabadores individuales o en forma colectiva.<\/p>\n<!-- \/wp:paragraph --><!-- wp:paragraph -->\n<p>Le asesoramos con eficacia ante asuntos como los que detallamos a continuaci\u00f3n:<\/p>\n<!-- \/wp:paragraph --><!-- wp:paragraph -->\n<ul>\n<li>Asesoramiento Integral Jur\u00eddico \u2013 Laboral<\/li>\n<\/ul>\n<!-- \/wp:paragraph --><!-- wp:paragraph -->\n<ul>\n<li>Accidentes Laborales<\/li>\n<\/ul>\n<!-- \/wp:paragraph --><!-- wp:paragraph -->\n<ul>\n<li>Acoso Laboral \/ Mobbing<\/li>\n<\/ul>\n<!-- \/wp:paragraph --><!-- wp:paragraph -->\n<ul>\n<li>R\u00e9gimen Disciplinario Sancionador<\/li>\n<\/ul>\n<!-- \/wp:paragraph --><!-- wp:paragraph -->\n<ul>\n<li>Despidos y extinci\u00f3n de contratos de trabajo<\/li>\n<\/ul>\n<!-- \/wp:paragraph --><!-- wp:paragraph -->\n<ul>\n<li>Reclamaciones de extremos laborales<\/li>\n<\/ul>\n<!-- \/wp:paragraph --><!-- wp:paragraph -->\n<ul>\n<li>Redacci\u00f3n y modificaci\u00f3n de contratos laborales<\/li>\n<\/ul>\n<!-- \/wp:paragraph --><!-- wp:paragraph -->\n<ul>\n<li>Actuaciones ante el Ministerio de Trabajo<\/li>\n<\/ul>\n<!-- \/wp:paragraph --><!-- wp:paragraph -->\n<ul>\n<li>Recursos y actuaciones ante la Inspecci\u00f3n de Trabajo<\/li>\n<\/ul>\n<!-- \/wp:paragraph -->\t\t\t\t\t\t<\/div>\n\t\t\t\t<\/div>\n\t\t\t\t\t<\/div>\n\t\t\t\t<\/div>\n\t\t\t\t<\/div>\n\t\t","protected":false},"excerpt":{"rendered":"<p>En\u00a0Bufete Salazar y Compa\u00f1\u00eda\u00a0le ayudamos a encontrar una soluci\u00f3n de manera dialogada y conciliadora a los numerosos conflictos derivados de la relaci\u00f3n entre la empresa y el trabajador. La constante puesta al d\u00eda en un materia legal tan compleja y [&hellip;]<\/p>\n","protected":false},"author":1,"featured_media":12518,"parent":0,"menu_order":0,"comment_status":"closed","ping_status":"closed","template":"page-r.php","meta":{"footnotes":""},"class_list":["post-12516","page","type-page","status-publish","has-post-thumbnail","hentry"],"_links":{"self":[{"href":"https:\/\/www.bufetesalazarcr.com\/index.php?rest_route=\/wp\/v2\/pages\/12516","targetHints":{"allow":["GET"]}}],"collection":[{"href":"https:\/\/www.bufetesalazarcr.com\/index.php?rest_route=\/wp\/v2\/pages"}],"about":[{"href":"https:\/\/www.bufetesalazarcr.com\/index.php?rest_route=\/wp\/v2\/types\/page"}],"author":[{"embeddable":true,"href":"https:\/\/www.bufetesalazarcr.com\/index.php?rest_route=\/wp\/v2\/users\/1"}],"replies":[{"embeddable":true,"href":"https:\/\/www.bufetesalazarcr.com\/index.php?rest_route=%2Fwp%2Fv2%2Fcomments&post=12516"}],"version-history":[{"count":7,"href":"https:\/\/www.bufetesalazarcr.com\/index.php?rest_route=\/wp\/v2\/pages\/12516\/revisions"}],"predecessor-version":[{"id":12529,"href":"https:\/\/www.bufetesalazarcr.com\/index.php?rest_route=\/wp\/v2\/pages\/12516\/revisions\/12529"}],"wp:featuredmedia":[{"embeddable":true,"href":"https:\/\/www.bufetesalazarcr.com\/index.php?rest_route=\/wp\/v2\/media\/12518"}],"wp:attachment":[{"href":"https:\/\/www.bufetesalazarcr.com\/index.php?rest_route=%2Fwp%2Fv2%2Fmedia&parent=12516"}],"curies":[{"name":"wp","href":"https:\/\/api.w.org\/{rel}","templated":true}]}}

<div data-elementor-type="wp-page" data-elementor-id="12516" class="elementor elementor-12516">
				<div class="elementor-element elementor-element-7d9b907f e-flex e-con-boxed e-con e-parent" data-id="7d9b907f" data-element_type="container">
					<div class="e-con-inner">
				<div class="elementor-element elementor-element-6a29e953 elementor-widget elementor-widget-text-editor" data-id="6a29e953" data-element_type="widget" data-settings="{&quot;ashton_ext_link_sidemenu&quot;:&quot;false&quot;,&quot;ashton_ext_link_fullmenu&quot;:&quot;false&quot;,&quot;ashton_ext_is_sticky&quot;:&quot;false&quot;,&quot;ashton_ext_is_scrollme&quot;:&quot;false&quot;,&quot;ashton_ext_is_smoove&quot;:&quot;false&quot;,&quot;ashton_ext_is_parallax_mouse&quot;:&quot;false&quot;,&quot;ashton_ext_is_infinite&quot;:&quot;false&quot;,&quot;ashton_ext_is_fadeout_animation&quot;:&quot;false&quot;}" data-widget_type="text-editor.default">
				<div class="elementor-widget-container">
			<style>/*! elementor - v3.23.0 - 25-07-2024 */
.elementor-widget-text-editor.elementor-drop-cap-view-stacked .elementor-drop-cap{background-color:#69727d;color:#fff}.elementor-widget-text-editor.elementor-drop-cap-view-framed .elementor-drop-cap{color:#69727d;border:3px solid;background-color:transparent}.elementor-widget-text-editor:not(.elementor-drop-cap-view-default) .elementor-drop-cap{margin-top:8px}.elementor-widget-text-editor:not(.elementor-drop-cap-view-default) .elementor-drop-cap-letter{width:1em;height:1em}.elementor-widget-text-editor .elementor-drop-cap{float:left;text-align:center;line-height:1;font-size:50px}.elementor-widget-text-editor .elementor-drop-cap-letter{display:inline-block}</style>				<!-- wp:paragraph -->
<p>En <strong>Bufete Salazar y Compañía</strong> le ayudamos a encontrar una solución de manera dialogada y conciliadora a los numerosos conflictos derivados de la relación entre la empresa y el trabajador.</p>
<!-- /wp:paragraph --><!-- wp:paragraph -->
<p>La constante puesta al día en un materia legal tan compleja y con tantas modificaciones, hacen imprescindible la intervención de un abogado conocedor de la materia laboral.</p>
<!-- /wp:paragraph --><!-- wp:paragraph -->
<p>Nuestro despacho le asesorará y guiará desde la Conciliación ante el Organismo pertinente, hasta la resolución del mismo ante los Tribunales, si fuese necesario.</p>
<!-- /wp:paragraph --><!-- wp:paragraph -->
<p><strong>Bufete Salazar y Compañía</strong> asesora tanto a las empresas como a los trabadores individuales o en forma colectiva.</p>
<!-- /wp:paragraph --><!-- wp:paragraph -->
<p>Le asesoramos con eficacia ante asuntos como los que detallamos a continuación:</p>
<!-- /wp:paragraph --><!-- wp:paragraph -->
<ul>
<li>Asesoramiento Integral Jurídico – Laboral</li>
</ul>
<!-- /wp:paragraph --><!-- wp:paragraph -->
<ul>
<li>Accidentes Laborales</li>
</ul>
<!-- /wp:paragraph --><!-- wp:paragraph -->
<ul>
<li>Acoso Laboral / Mobbing</li>
</ul>
<!-- /wp:paragraph --><!-- wp:paragraph -->
<ul>
<li>Régimen Disciplinario Sancionador</li>
</ul>
<!-- /wp:paragraph --><!-- wp:paragraph -->
<ul>
<li>Despidos y extinción de contratos de trabajo</li>
</ul>
<!-- /wp:paragraph --><!-- wp:paragraph -->
<ul>
<li>Reclamaciones de extremos laborales</li>
</ul>
<!-- /wp:paragraph --><!-- wp:paragraph -->
<ul>
<li>Redacción y modificación de contratos laborales</li>
</ul>
<!-- /wp:paragraph --><!-- wp:paragraph -->
<ul>
<li>Actuaciones ante el Ministerio de Trabajo</li>
</ul>
<!-- /wp:paragraph --><!-- wp:paragraph -->
<ul>
<li>Recursos y actuaciones ante la Inspección de Trabajo</li>
</ul>
<!-- /wp:paragraph -->						</div>
				</div>
					</div>
				</div>
				</div>

<p>En Bufete Salazar y Compañía le ayudamos a encontrar una solución de manera dialogada y conciliadora a los numerosos conflictos derivados de la relación entre la empresa y el trabajador. La constante puesta al día en un materia legal tan compleja y [&hellip;]</p>
