{"id":13087,"date":"2024-06-22T21:57:33","date_gmt":"2024-06-22T21:57:33","guid":{"rendered":"https:\/\/www.bufetesalazarcr.com\/?page_id=13087"},"modified":"2024-06-28T20:13:10","modified_gmt":"2024-06-28T20:13:10","slug":"ricardo-salazar-h","status":"publish","type":"page","link":"https:\/\/www.bufetesalazarcr.com\/?page_id=13087","title":{"rendered":"Ricardo Salazar H."},"content":{"rendered":"\t\t<div data-elementor-type=\"wp-page\" data-elementor-id=\"13087\" class=\"elementor elementor-13087\">\n\t\t\t\t<div class=\"elementor-element elementor-element-a6b96e1 e-flex e-con-boxed e-con e-parent\" data-id=\"a6b96e1\" data-element_type=\"container\">\n\t\t\t\t\t<div class=\"e-con-inner\">\n\t\t<div class=\"elementor-element elementor-element-6f67767 e-con-full e-flex e-con e-child\" data-id=\"6f67767\" data-element_type=\"container\">\n\t\t\t\t<div class=\"elementor-element elementor-element-3b4dd69 elementor-widget elementor-widget-image\" data-id=\"3b4dd69\" data-element_type=\"widget\" data-settings=\"{&quot;ashton_image_is_animation&quot;:&quot;false&quot;,&quot;ashton_ext_link_sidemenu&quot;:&quot;false&quot;,&quot;ashton_ext_link_fullmenu&quot;:&quot;false&quot;,&quot;ashton_ext_is_sticky&quot;:&quot;false&quot;,&quot;ashton_ext_is_scrollme&quot;:&quot;false&quot;,&quot;ashton_ext_is_smoove&quot;:&quot;false&quot;,&quot;ashton_ext_is_parallax_mouse&quot;:&quot;false&quot;,&quot;ashton_ext_is_infinite&quot;:&quot;false&quot;,&quot;ashton_ext_is_fadeout_animation&quot;:&quot;false&quot;}\" data-widget_type=\"image.default\">\n\t\t\t\t<div class=\"elementor-widget-container\">\n\t\t\t<style>\/*! elementor - v3.23.0 - 25-07-2024 *\/\n.elementor-widget-image{text-align:center}.elementor-widget-image a{display:inline-block}.elementor-widget-image a img[src$=\".svg\"]{width:48px}.elementor-widget-image img{vertical-align:middle;display:inline-block}<\/style>\t\t\t\t\t\t\t\t\t\t<img fetchpriority=\"high\" decoding=\"async\" width=\"756\" height=\"1024\" src=\"https:\/\/www.bufetesalazarcr.com\/wp-content\/uploads\/2024\/06\/Ricardo2-756x1024.jpg\" class=\"attachment-large size-large wp-image-13218\" alt=\"\" srcset=\"https:\/\/www.bufetesalazarcr.com\/wp-content\/uploads\/2024\/06\/Ricardo2-756x1024.jpg 756w, https:\/\/www.bufetesalazarcr.com\/wp-content\/uploads\/2024\/06\/Ricardo2-221x300.jpg 221w, https:\/\/www.bufetesalazarcr.com\/wp-content\/uploads\/2024\/06\/Ricardo2-768x1041.jpg 768w, https:\/\/www.bufetesalazarcr.com\/wp-content\/uploads\/2024\/06\/Ricardo2-1134x1536.jpg 1134w, https:\/\/www.bufetesalazarcr.com\/wp-content\/uploads\/2024\/06\/Ricardo2-1512x2048.jpg 1512w, https:\/\/www.bufetesalazarcr.com\/wp-content\/uploads\/2024\/06\/Ricardo2-440x596.jpg 440w, https:\/\/www.bufetesalazarcr.com\/wp-content\/uploads\/2024\/06\/Ricardo2-scaled.jpg 1890w\" sizes=\"(max-width: 756px) 100vw, 756px\" \/>\t\t\t\t\t\t\t\t\t\t\t\t\t<\/div>\n\t\t\t\t<\/div>\n\t\t\t\t<\/div>\n\t\t<div class=\"elementor-element elementor-element-d41458a e-con-full e-flex e-con e-child\" data-id=\"d41458a\" data-element_type=\"container\">\n\t\t\t\t<div class=\"elementor-element elementor-element-1ada647 elementor-widget elementor-widget-text-editor\" data-id=\"1ada647\" data-element_type=\"widget\" data-settings=\"{&quot;ashton_ext_link_sidemenu&quot;:&quot;false&quot;,&quot;ashton_ext_link_fullmenu&quot;:&quot;false&quot;,&quot;ashton_ext_is_sticky&quot;:&quot;false&quot;,&quot;ashton_ext_is_scrollme&quot;:&quot;false&quot;,&quot;ashton_ext_is_smoove&quot;:&quot;false&quot;,&quot;ashton_ext_is_parallax_mouse&quot;:&quot;false&quot;,&quot;ashton_ext_is_infinite&quot;:&quot;false&quot;,&quot;ashton_ext_is_fadeout_animation&quot;:&quot;false&quot;}\" data-widget_type=\"text-editor.default\">\n\t\t\t\t<div class=\"elementor-widget-container\">\n\t\t\t<style>\/*! elementor - v3.23.0 - 25-07-2024 *\/\n.elementor-widget-text-editor.elementor-drop-cap-view-stacked .elementor-drop-cap{background-color:#69727d;color:#fff}.elementor-widget-text-editor.elementor-drop-cap-view-framed .elementor-drop-cap{color:#69727d;border:3px solid;background-color:transparent}.elementor-widget-text-editor:not(.elementor-drop-cap-view-default) .elementor-drop-cap{margin-top:8px}.elementor-widget-text-editor:not(.elementor-drop-cap-view-default) .elementor-drop-cap-letter{width:1em;height:1em}.elementor-widget-text-editor .elementor-drop-cap{float:left;text-align:center;line-height:1;font-size:50px}.elementor-widget-text-editor .elementor-drop-cap-letter{display:inline-block}<\/style>\t\t\t\t<ul><li><strong>C\u00f3digo Colegio Abogados: <\/strong>21.100<\/li><li><strong>C\u00f3digo Colegio Ciencias Econ\u00f3micas: <\/strong>11.048<\/li><li><strong>Tel\u00e9fono:<\/strong>\u00a0(+506) 2460-9050 ext. 1<\/li><li style=\"font-weight: 400;\"><strong>Correo:<\/strong>\u00a0rsalazar@bufetesalazarcr.com<\/li><li><strong>Idiomas:<\/strong><span style=\"font-weight: 400;\">\u00a0Espa\u00f1ol, Ingl\u00e9s.<\/span><\/li><\/ul><p><strong style=\"font-family: inherit; font-style: inherit; text-align: var(--text-align); letter-spacing: 0px;\">\u00c1REAS DE PR\u00c1CTICA<\/strong><\/p><ul><li>Derecho Penal<\/li><li>Derecho Agrario y Ambiental<\/li><li>Derecho Empresarial<\/li><li>Derecho Financiero y Bancario<\/li><li>Derecho Inmobiliario<\/li><li>Derecho Laboral<\/li><li>Derecho Mercantil y Comercial<\/li><li>Planeaci\u00f3n Patrimonial<\/li><\/ul>\t\t\t\t\t\t<\/div>\n\t\t\t\t<\/div>\n\t\t\t\t<\/div>\n\t\t\t\t\t<\/div>\n\t\t\t\t<\/div>\n\t\t<div class=\"elementor-element elementor-element-e9f3f6c e-flex e-con-boxed e-con e-parent\" data-id=\"e9f3f6c\" data-element_type=\"container\">\n\t\t\t\t\t<div class=\"e-con-inner\">\n\t\t\t\t<div class=\"elementor-element elementor-element-2544709 elementor-widget elementor-widget-heading\" data-id=\"2544709\" data-element_type=\"widget\" data-settings=\"{&quot;ashton_ext_link_sidemenu&quot;:&quot;false&quot;,&quot;ashton_ext_link_fullmenu&quot;:&quot;false&quot;,&quot;ashton_ext_is_sticky&quot;:&quot;false&quot;,&quot;ashton_ext_is_scrollme&quot;:&quot;false&quot;,&quot;ashton_ext_is_smoove&quot;:&quot;false&quot;,&quot;ashton_ext_is_parallax_mouse&quot;:&quot;false&quot;,&quot;ashton_ext_is_infinite&quot;:&quot;false&quot;,&quot;ashton_ext_is_fadeout_animation&quot;:&quot;false&quot;}\" data-widget_type=\"heading.default\">\n\t\t\t\t<div class=\"elementor-widget-container\">\n\t\t\t<style>\/*! elementor - v3.23.0 - 25-07-2024 *\/\n.elementor-heading-title{padding:0;margin:0;line-height:1}.elementor-widget-heading .elementor-heading-title[class*=elementor-size-]>a{color:inherit;font-size:inherit;line-height:inherit}.elementor-widget-heading .elementor-heading-title.elementor-size-small{font-size:15px}.elementor-widget-heading .elementor-heading-title.elementor-size-medium{font-size:19px}.elementor-widget-heading .elementor-heading-title.elementor-size-large{font-size:29px}.elementor-widget-heading .elementor-heading-title.elementor-size-xl{font-size:39px}.elementor-widget-heading .elementor-heading-title.elementor-size-xxl{font-size:59px}<\/style><h2 class=\"elementor-heading-title elementor-size-default\">Abogado Fundador<\/h2>\t\t<\/div>\n\t\t\t\t<\/div>\n\t\t\t\t\t<\/div>\n\t\t\t\t<\/div>\n\t\t<div class=\"elementor-element elementor-element-f002859 e-flex e-con-boxed e-con e-parent\" data-id=\"f002859\" data-element_type=\"container\">\n\t\t\t\t\t<div class=\"e-con-inner\">\n\t\t\t\t<div class=\"elementor-element elementor-element-1a02f20 elementor-widget elementor-widget-text-editor\" data-id=\"1a02f20\" data-element_type=\"widget\" data-settings=\"{&quot;ashton_ext_link_sidemenu&quot;:&quot;false&quot;,&quot;ashton_ext_link_fullmenu&quot;:&quot;false&quot;,&quot;ashton_ext_is_sticky&quot;:&quot;false&quot;,&quot;ashton_ext_is_scrollme&quot;:&quot;false&quot;,&quot;ashton_ext_is_smoove&quot;:&quot;false&quot;,&quot;ashton_ext_is_parallax_mouse&quot;:&quot;false&quot;,&quot;ashton_ext_is_infinite&quot;:&quot;false&quot;,&quot;ashton_ext_is_fadeout_animation&quot;:&quot;false&quot;}\" data-widget_type=\"text-editor.default\">\n\t\t\t\t<div class=\"elementor-widget-container\">\n\t\t\t\t\t\t\t<p><strong>ESTUDIOS<\/strong><\/p><ul><li>Licenciaturas en Administraci\u00f3n de Empresas con \u00e9nfasis en Comercio Internacional (USJ), Finanzas (ITC) y Mercadeo (ITC).<\/li><li>Licenciado en Derecho (USJ, 2011)<\/li><li>Especialista en Derecho Notarial y Registral (U Latina, 2012)<\/li><li>Especialista en Derecho Agrario y Ambiental (UCR, 2013)<\/li><li>M\u00e1ster en Derecho Penal (UIA, 2013)<\/li><li>M\u00e1ster en Derecho Empresarial (ULACIT, 2018)<\/li><li>Egresado del Programa de Doctorado en Derecho Comercial y Derecho Procesal Civil (UELD, 2023)<\/li><li style=\"list-style-type: none;\">\u00a0<\/li><\/ul>\t\t\t\t\t\t<\/div>\n\t\t\t\t<\/div>\n\t\t\t\t\t<\/div>\n\t\t\t\t<\/div>\n\t\t\t\t<\/div>\n\t\t","protected":false},"excerpt":{"rendered":"<p>C\u00f3digo Colegio Abogados: 21.100 C\u00f3digo Colegio Ciencias Econ\u00f3micas: 11.048 Tel\u00e9fono:\u00a0(+506) 2460-9050 ext. 1 Correo:\u00a0rsalazar@bufetesalazarcr.com Idiomas:\u00a0Espa\u00f1ol, Ingl\u00e9s. \u00c1REAS DE PR\u00c1CTICA Derecho Penal Derecho Agrario y Ambiental Derecho Empresarial Derecho Financiero y Bancario Derecho Inmobiliario Derecho Laboral Derecho Mercantil y Comercial Planeaci\u00f3n [&hellip;]<\/p>\n","protected":false},"author":1,"featured_media":0,"parent":0,"menu_order":0,"comment_status":"closed","ping_status":"closed","template":"page-r.php","meta":{"footnotes":""},"class_list":["post-13087","page","type-page","status-publish","hentry"],"_links":{"self":[{"href":"https:\/\/www.bufetesalazarcr.com\/index.php?rest_route=\/wp\/v2\/pages\/13087","targetHints":{"allow":["GET"]}}],"collection":[{"href":"https:\/\/www.bufetesalazarcr.com\/index.php?rest_route=\/wp\/v2\/pages"}],"about":[{"href":"https:\/\/www.bufetesalazarcr.com\/index.php?rest_route=\/wp\/v2\/types\/page"}],"author":[{"embeddable":true,"href":"https:\/\/www.bufetesalazarcr.com\/index.php?rest_route=\/wp\/v2\/users\/1"}],"replies":[{"embeddable":true,"href":"https:\/\/www.bufetesalazarcr.com\/index.php?rest_route=%2Fwp%2Fv2%2Fcomments&post=13087"}],"version-history":[{"count":40,"href":"https:\/\/www.bufetesalazarcr.com\/index.php?rest_route=\/wp\/v2\/pages\/13087\/revisions"}],"predecessor-version":[{"id":13271,"href":"https:\/\/www.bufetesalazarcr.com\/index.php?rest_route=\/wp\/v2\/pages\/13087\/revisions\/13271"}],"wp:attachment":[{"href":"https:\/\/www.bufetesalazarcr.com\/index.php?rest_route=%2Fwp%2Fv2%2Fmedia&parent=13087"}],"curies":[{"name":"wp","href":"https:\/\/api.w.org\/{rel}","templated":true}]}}