{"id":13182,"date":"2024-06-27T01:23:19","date_gmt":"2024-06-27T01:23:19","guid":{"rendered":"https:\/\/www.bufetesalazarcr.com\/?page_id=13182"},"modified":"2024-06-28T20:10:47","modified_gmt":"2024-06-28T20:10:47","slug":"yensi-villalobos-a","status":"publish","type":"page","link":"https:\/\/www.bufetesalazarcr.com\/?page_id=13182","title":{"rendered":"Yensi Villalobos A."},"content":{"rendered":"\t\t<div data-elementor-type=\"wp-page\" data-elementor-id=\"13182\" class=\"elementor elementor-13182\">\n\t\t\t\t<div class=\"elementor-element elementor-element-9045d70 e-flex e-con-boxed e-con e-parent\" data-id=\"9045d70\" data-element_type=\"container\">\n\t\t\t\t\t<div class=\"e-con-inner\">\n\t\t<div class=\"elementor-element elementor-element-bf8aab9 e-con-full e-flex e-con e-child\" data-id=\"bf8aab9\" data-element_type=\"container\">\n\t\t<div class=\"elementor-element elementor-element-d9a1d68 e-con-full e-flex e-con e-child\" data-id=\"d9a1d68\" data-element_type=\"container\">\n\t\t\t\t<div class=\"elementor-element elementor-element-46589c0 elementor-widget elementor-widget-image\" data-id=\"46589c0\" data-element_type=\"widget\" data-settings=\"{&quot;ashton_image_is_animation&quot;:&quot;false&quot;,&quot;ashton_ext_link_sidemenu&quot;:&quot;false&quot;,&quot;ashton_ext_link_fullmenu&quot;:&quot;false&quot;,&quot;ashton_ext_is_sticky&quot;:&quot;false&quot;,&quot;ashton_ext_is_scrollme&quot;:&quot;false&quot;,&quot;ashton_ext_is_smoove&quot;:&quot;false&quot;,&quot;ashton_ext_is_parallax_mouse&quot;:&quot;false&quot;,&quot;ashton_ext_is_infinite&quot;:&quot;false&quot;,&quot;ashton_ext_is_fadeout_animation&quot;:&quot;false&quot;}\" data-widget_type=\"image.default\">\n\t\t\t\t<div class=\"elementor-widget-container\">\n\t\t\t<style>\/*! elementor - v3.23.0 - 25-07-2024 *\/\n.elementor-widget-image{text-align:center}.elementor-widget-image a{display:inline-block}.elementor-widget-image a img[src$=\".svg\"]{width:48px}.elementor-widget-image img{vertical-align:middle;display:inline-block}<\/style>\t\t\t\t\t\t\t\t\t\t<img fetchpriority=\"high\" decoding=\"async\" width=\"683\" height=\"1024\" src=\"https:\/\/www.bufetesalazarcr.com\/wp-content\/uploads\/2024\/06\/yensi-villalobos-4--683x1024.jpg\" class=\"attachment-large size-large wp-image-13157\" alt=\"\" srcset=\"https:\/\/www.bufetesalazarcr.com\/wp-content\/uploads\/2024\/06\/yensi-villalobos-4--683x1024.jpg 683w, https:\/\/www.bufetesalazarcr.com\/wp-content\/uploads\/2024\/06\/yensi-villalobos-4--200x300.jpg 200w, https:\/\/www.bufetesalazarcr.com\/wp-content\/uploads\/2024\/06\/yensi-villalobos-4--768x1152.jpg 768w, https:\/\/www.bufetesalazarcr.com\/wp-content\/uploads\/2024\/06\/yensi-villalobos-4--1024x1536.jpg 1024w, https:\/\/www.bufetesalazarcr.com\/wp-content\/uploads\/2024\/06\/yensi-villalobos-4--1365x2048.jpg 1365w, https:\/\/www.bufetesalazarcr.com\/wp-content\/uploads\/2024\/06\/yensi-villalobos-4--440x660.jpg 440w, https:\/\/www.bufetesalazarcr.com\/wp-content\/uploads\/2024\/06\/yensi-villalobos-4--scaled.jpg 1707w\" sizes=\"(max-width: 683px) 100vw, 683px\" \/>\t\t\t\t\t\t\t\t\t\t\t\t\t<\/div>\n\t\t\t\t<\/div>\n\t\t\t\t<\/div>\n\t\t<div class=\"elementor-element elementor-element-ce2415d e-con-full e-flex e-con e-child\" data-id=\"ce2415d\" data-element_type=\"container\">\n\t\t\t\t<div class=\"elementor-element elementor-element-ea8c45d elementor-widget elementor-widget-text-editor\" data-id=\"ea8c45d\" data-element_type=\"widget\" data-settings=\"{&quot;ashton_ext_link_sidemenu&quot;:&quot;false&quot;,&quot;ashton_ext_link_fullmenu&quot;:&quot;false&quot;,&quot;ashton_ext_is_sticky&quot;:&quot;false&quot;,&quot;ashton_ext_is_scrollme&quot;:&quot;false&quot;,&quot;ashton_ext_is_smoove&quot;:&quot;false&quot;,&quot;ashton_ext_is_parallax_mouse&quot;:&quot;false&quot;,&quot;ashton_ext_is_infinite&quot;:&quot;false&quot;,&quot;ashton_ext_is_fadeout_animation&quot;:&quot;false&quot;}\" data-widget_type=\"text-editor.default\">\n\t\t\t\t<div class=\"elementor-widget-container\">\n\t\t\t<style>\/*! elementor - v3.23.0 - 25-07-2024 *\/\n.elementor-widget-text-editor.elementor-drop-cap-view-stacked .elementor-drop-cap{background-color:#69727d;color:#fff}.elementor-widget-text-editor.elementor-drop-cap-view-framed .elementor-drop-cap{color:#69727d;border:3px solid;background-color:transparent}.elementor-widget-text-editor:not(.elementor-drop-cap-view-default) .elementor-drop-cap{margin-top:8px}.elementor-widget-text-editor:not(.elementor-drop-cap-view-default) .elementor-drop-cap-letter{width:1em;height:1em}.elementor-widget-text-editor .elementor-drop-cap{float:left;text-align:center;line-height:1;font-size:50px}.elementor-widget-text-editor .elementor-drop-cap-letter{display:inline-block}<\/style>\t\t\t\t<ul><li><strong><strong>C\u00f3digo Colegio Abogados: <\/strong><\/strong>26482<\/li><li><strong><strong>C\u00f3digo Colegio Bi\u00f3logos: <\/strong><\/strong>1354<\/li><li><strong>Tel\u00e9fono: <\/strong>(506) 8834-9488<\/li><li style=\"font-weight: 400;\"><strong>Correo: <\/strong>yen.villa@gmail.com<\/li><li><strong>Idiomas:<\/strong><span style=\"font-weight: 400;\">\u00a0Espa\u00f1ol, Ingl\u00e9s.<\/span><\/li><\/ul><p><strong style=\"font-family: inherit; font-style: inherit; text-align: var(--text-align); letter-spacing: 0px;\">\u00c1REAS DE PR\u00c1CTICA<\/strong><\/p><ul><li>Derecho Notarial y Registral<\/li><li>Derecho Agrario y Ambiental<\/li><li>Derecho Sucesorio<\/li><li>Derecho Contractual<\/li><li>Derecho Comercial<\/li><\/ul>\t\t\t\t\t\t<\/div>\n\t\t\t\t<\/div>\n\t\t\t\t<\/div>\n\t\t\t\t<\/div>\n\t\t\t\t\t<\/div>\n\t\t\t\t<\/div>\n\t\t<div class=\"elementor-element elementor-element-688844f e-flex e-con-boxed e-con e-parent\" data-id=\"688844f\" data-element_type=\"container\">\n\t\t\t\t\t<div class=\"e-con-inner\">\n\t\t\t\t<div class=\"elementor-element elementor-element-55772e8 elementor-widget elementor-widget-heading\" data-id=\"55772e8\" data-element_type=\"widget\" data-settings=\"{&quot;ashton_ext_link_sidemenu&quot;:&quot;false&quot;,&quot;ashton_ext_link_fullmenu&quot;:&quot;false&quot;,&quot;ashton_ext_is_sticky&quot;:&quot;false&quot;,&quot;ashton_ext_is_scrollme&quot;:&quot;false&quot;,&quot;ashton_ext_is_smoove&quot;:&quot;false&quot;,&quot;ashton_ext_is_parallax_mouse&quot;:&quot;false&quot;,&quot;ashton_ext_is_infinite&quot;:&quot;false&quot;,&quot;ashton_ext_is_fadeout_animation&quot;:&quot;false&quot;}\" data-widget_type=\"heading.default\">\n\t\t\t\t<div class=\"elementor-widget-container\">\n\t\t\t<style>\/*! elementor - v3.23.0 - 25-07-2024 *\/\n.elementor-heading-title{padding:0;margin:0;line-height:1}.elementor-widget-heading .elementor-heading-title[class*=elementor-size-]>a{color:inherit;font-size:inherit;line-height:inherit}.elementor-widget-heading .elementor-heading-title.elementor-size-small{font-size:15px}.elementor-widget-heading .elementor-heading-title.elementor-size-medium{font-size:19px}.elementor-widget-heading .elementor-heading-title.elementor-size-large{font-size:29px}.elementor-widget-heading .elementor-heading-title.elementor-size-xl{font-size:39px}.elementor-widget-heading .elementor-heading-title.elementor-size-xxl{font-size:59px}<\/style><h2 class=\"elementor-heading-title elementor-size-default\">Abogada Asociada<\/h2>\t\t<\/div>\n\t\t\t\t<\/div>\n\t\t\t\t\t<\/div>\n\t\t\t\t<\/div>\n\t\t<div class=\"elementor-element elementor-element-5627409 e-flex e-con-boxed e-con e-parent\" data-id=\"5627409\" data-element_type=\"container\">\n\t\t\t\t\t<div class=\"e-con-inner\">\n\t\t\t\t<div class=\"elementor-element elementor-element-a4e02ec elementor-widget elementor-widget-text-editor\" data-id=\"a4e02ec\" data-element_type=\"widget\" data-settings=\"{&quot;ashton_ext_link_sidemenu&quot;:&quot;false&quot;,&quot;ashton_ext_link_fullmenu&quot;:&quot;false&quot;,&quot;ashton_ext_is_sticky&quot;:&quot;false&quot;,&quot;ashton_ext_is_scrollme&quot;:&quot;false&quot;,&quot;ashton_ext_is_smoove&quot;:&quot;false&quot;,&quot;ashton_ext_is_parallax_mouse&quot;:&quot;false&quot;,&quot;ashton_ext_is_infinite&quot;:&quot;false&quot;,&quot;ashton_ext_is_fadeout_animation&quot;:&quot;false&quot;}\" data-widget_type=\"text-editor.default\">\n\t\t\t\t<div class=\"elementor-widget-container\">\n\t\t\t\t\t\t\t<p><strong>ESTUDIOS<\/strong><\/p><ul><li>Licenciatura en Derecho<\/li><li>Especialidad en Derecho Notarial y Registral<\/li><li>Ingenier\u00eda en Biotecnolog\u00eda<\/li><li>M\u00e1ster en Administraci\u00f3n de Proyectos<\/li><\/ul>\t\t\t\t\t\t<\/div>\n\t\t\t\t<\/div>\n\t\t\t\t\t<\/div>\n\t\t\t\t<\/div>\n\t\t<div class=\"elementor-element elementor-element-c15514b e-flex e-con-boxed e-con e-parent\" data-id=\"c15514b\" data-element_type=\"container\">\n\t\t\t\t\t<div class=\"e-con-inner\">\n\t\t\t\t\t<\/div>\n\t\t\t\t<\/div>\n\t\t\t\t<\/div>\n\t\t","protected":false},"excerpt":{"rendered":"<p>C\u00f3digo Colegio Abogados: 26482 C\u00f3digo Colegio Bi\u00f3logos: 1354 Tel\u00e9fono: (506) 8834-9488 Correo: yen.villa@gmail.com Idiomas:\u00a0Espa\u00f1ol, Ingl\u00e9s. \u00c1REAS DE PR\u00c1CTICA Derecho Notarial y Registral Derecho Agrario y Ambiental Derecho Sucesorio Derecho Contractual Derecho Comercial Abogada Asociada ESTUDIOS Licenciatura en Derecho Especialidad en [&hellip;]<\/p>\n","protected":false},"author":1,"featured_media":0,"parent":0,"menu_order":0,"comment_status":"closed","ping_status":"closed","template":"page-r.php","meta":{"footnotes":""},"class_list":["post-13182","page","type-page","status-publish","hentry"],"_links":{"self":[{"href":"https:\/\/www.bufetesalazarcr.com\/index.php?rest_route=\/wp\/v2\/pages\/13182","targetHints":{"allow":["GET"]}}],"collection":[{"href":"https:\/\/www.bufetesalazarcr.com\/index.php?rest_route=\/wp\/v2\/pages"}],"about":[{"href":"https:\/\/www.bufetesalazarcr.com\/index.php?rest_route=\/wp\/v2\/types\/page"}],"author":[{"embeddable":true,"href":"https:\/\/www.bufetesalazarcr.com\/index.php?rest_route=\/wp\/v2\/users\/1"}],"replies":[{"embeddable":true,"href":"https:\/\/www.bufetesalazarcr.com\/index.php?rest_route=%2Fwp%2Fv2%2Fcomments&post=13182"}],"version-history":[{"count":22,"href":"https:\/\/www.bufetesalazarcr.com\/index.php?rest_route=\/wp\/v2\/pages\/13182\/revisions"}],"predecessor-version":[{"id":13265,"href":"https:\/\/www.bufetesalazarcr.com\/index.php?rest_route=\/wp\/v2\/pages\/13182\/revisions\/13265"}],"wp:attachment":[{"href":"https:\/\/www.bufetesalazarcr.com\/index.php?rest_route=%2Fwp%2Fv2%2Fmedia&parent=13182"}],"curies":[{"name":"wp","href":"https:\/\/api.w.org\/{rel}","templated":true}]}}